{"id":72,"date":"2022-09-26T17:35:53","date_gmt":"2022-09-26T15:35:53","guid":{"rendered":"https:\/\/managram.xyz\/?page_id=72"},"modified":"2022-10-13T19:06:07","modified_gmt":"2022-10-13T17:06:07","slug":"le-blog","status":"publish","type":"page","link":"https:\/\/managram.xyz\/index.php\/le-blog\/","title":{"rendered":"Le Blog"},"content":{"rendered":"\n<h2 class=\"wp-block-heading\">Les derniers articles<\/h2>\n\n\n<ul class=\"wp-block-latest-posts__list wp-block-latest-posts\"><li><a class=\"wp-block-latest-posts__post-title\" href=\"https:\/\/managram.xyz\/index.php\/2026\/03\/25\/dans-quelle-mesure-votre-metier-va-etre-bouleverse-par-les-systemes-dintelligence-artificielle-dici-3-ans\/\">Votre m\u00e9tier va-t-il \u00eatre boulevers\u00e9 par &#8220;l&#8217;intelligence artificielle&#8221; d&#8217;ici 3 ans ?<\/a><\/li>\n<li><a class=\"wp-block-latest-posts__post-title\" href=\"https:\/\/managram.xyz\/index.php\/2025\/12\/06\/installer-une-routine-personnelle\/\">Installer une routine personnelle pour vivre mieux<\/a><\/li>\n<li><a class=\"wp-block-latest-posts__post-title\" href=\"https:\/\/managram.xyz\/index.php\/2025\/10\/26\/comment-prevenir-une-insuffisance-professionnelle-pouvant-conduire-a-un-licenciement\/\">Comment pr\u00e9venir un licenciement pour insuffisance professionnelle ?<\/a><\/li>\n<li><a class=\"wp-block-latest-posts__post-title\" href=\"https:\/\/managram.xyz\/index.php\/2025\/10\/26\/prevenir-lepuisement-professionnel-dun-collegue-ou-dun-ami\/\">Pr\u00e9venir l&#8217;\u00e9puisement professionnel d&#8217;un coll\u00e8gue ou ami<\/a><\/li>\n<li><a class=\"wp-block-latest-posts__post-title\" href=\"https:\/\/managram.xyz\/index.php\/2023\/12\/14\/outil-de-micro-apprentissage\/\">Application Anki de micro-apprentissage<\/a><\/li>\n<li><a class=\"wp-block-latest-posts__post-title\" href=\"https:\/\/managram.xyz\/index.php\/2023\/11\/23\/saider-des-algorithmes-logiciels-appeles-improprement-intelligence-artificielle\/\">S&#8217;inspirer des algorithmes logiciels (IA) pour r\u00e9diger un texte<\/a><\/li>\n<li><a class=\"wp-block-latest-posts__post-title\" href=\"https:\/\/managram.xyz\/index.php\/2023\/04\/13\/un-esprit-bof-dans-un-corps-pas-ouf\/\">Un esprit bof dans un corps pas ouf<\/a><\/li>\n<li><a class=\"wp-block-latest-posts__post-title\" href=\"https:\/\/managram.xyz\/index.php\/2022\/10\/13\/le-soleil\/\">Le style du Soleil<\/a><\/li>\n<li><a class=\"wp-block-latest-posts__post-title\" href=\"https:\/\/managram.xyz\/index.php\/2022\/10\/06\/evaluer-mes-competences\/\">\u00c9valuer mes comp\u00e9tences<\/a><\/li>\n<li><a class=\"wp-block-latest-posts__post-title\" href=\"https:\/\/managram.xyz\/index.php\/2022\/10\/05\/la-routine-quotidienne\/\">Ma Routine quotidienne<\/a><\/li>\n<li><a class=\"wp-block-latest-posts__post-title\" href=\"https:\/\/managram.xyz\/index.php\/2022\/10\/05\/le-grand-secret\/\">Le Secret de Polichinelle<\/a><\/li>\n<li><a class=\"wp-block-latest-posts__post-title\" href=\"https:\/\/managram.xyz\/index.php\/2022\/09\/29\/sy-retrouver-dans-le-developpement-personnel\/\">S&#8217;y retrouver dans le d\u00e9veloppement personnel<\/a><\/li>\n<\/ul>","protected":false},"excerpt":{"rendered":"<p>Les derniers articles<\/p>\n","protected":false},"author":1,"featured_media":0,"parent":0,"menu_order":0,"comment_status":"closed","ping_status":"closed","template":"","meta":{"_crdt_document":"","om_disable_all_campaigns":false,"_uag_custom_page_level_css":"","_monsterinsights_skip_tracking":false,"_monsterinsights_sitenote_active":false,"_monsterinsights_sitenote_note":"","_monsterinsights_sitenote_category":0,"footnotes":""},"class_list":["post-72","page","type-page","status-publish","hentry"],"aioseo_notices":[],"uagb_featured_image_src":{"full":false,"thumbnail":false,"medium":false,"medium_large":false,"large":false,"1536x1536":false,"2048x2048":false,"post-thumbnail":false,"bravada-featured":false,"bravada-featured-lp":false,"bravada-featured-half":false,"bravada-featured-third":false,"bravada-lpbox-1":false,"bravada-lpbox-2":false},"uagb_author_info":{"display_name":"Nico","author_link":"https:\/\/managram.xyz\/index.php\/author\/nicolas-nadal\/"},"uagb_comment_info":0,"uagb_excerpt":"Les derniers articles","_links":{"self":[{"href":"https:\/\/managram.xyz\/index.php\/wp-json\/wp\/v2\/pages\/72","targetHints":{"allow":["GET"]}}],"collection":[{"href":"https:\/\/managram.xyz\/index.php\/wp-json\/wp\/v2\/pages"}],"about":[{"href":"https:\/\/managram.xyz\/index.php\/wp-json\/wp\/v2\/types\/page"}],"author":[{"embeddable":true,"href":"https:\/\/managram.xyz\/index.php\/wp-json\/wp\/v2\/users\/1"}],"replies":[{"embeddable":true,"href":"https:\/\/managram.xyz\/index.php\/wp-json\/wp\/v2\/comments?post=72"}],"version-history":[{"count":4,"href":"https:\/\/managram.xyz\/index.php\/wp-json\/wp\/v2\/pages\/72\/revisions"}],"predecessor-version":[{"id":281,"href":"https:\/\/managram.xyz\/index.php\/wp-json\/wp\/v2\/pages\/72\/revisions\/281"}],"wp:attachment":[{"href":"https:\/\/managram.xyz\/index.php\/wp-json\/wp\/v2\/media?parent=72"}],"curies":[{"name":"wp","href":"https:\/\/api.w.org\/{rel}","templated":true}]}}